
Let q = -10 + 71. Suppose -5*f + 44 = -q. What is the units digit of f?
1
Let a(c) = 7*c**2 + c. Let d(f) = -9*f**2 - f + 1. Let r(j) = -5*a(j) - 4*d(j). Let w(o) = o - 2. Let m be w(5). What is the units digit of r(m)?
2
Let g(n) = n**2 - n. Let b(x) = 11*x**2 - x - 7. Let p(l) = b(l) - 5*g(l). What is the units digit of p(-4)?
3
Let z(c) = c**3 + 12*c**2 + 5*c - 15. Let y be z(-14). What is the units digit of 12/(-6)*(1 + y/6)?
7
Let o(z) = -2. Let l(s) = -1. Let m(n) = l(n) - o(n). Let u(y) = y**2 - 13*y - 5. Let b(k) = -3*m(k) - u(k). What is the units digit of b(12)?
4
Suppose f + 2*f - 6 = 0. Let t(q) = -7*q + 8*q + 15 - q**f - 14*q. What is the units digit of t(-12)?
7
Let x(l) = 130*l - 1. Let w be x(-1). Let s = -31 - w. What is the hundreds digit of s?
1
Suppose -5520 = -6*l + 792. What is the units digit of l?
2
Let q = -112 + 112. Suppose n + 0*n - 182 = -5*o, q = 3*o + 3. What is the tens digit of n?
8
Suppose -2196 = -2*t - 4*h, 5*t - h - 5512 = -0*h. What is the thousands digit of t?
1
Let i = 5 - 5. Let r be (i - 3)/(-1) - 31. Let t = 1 - r. What is the tens digit of t?
2
Let m be (-4)/(-10) + (-135)/25. What is the units digit of m/((-60)/88) + (-2)/6?
7
Let b = 1309 + -925. What is the units digit of b?
4
Let j = 351 + 627. What is the tens digit of j?
7
Suppose -t = 3*f - 1414, -2 = t - 3. What is the tens digit of f?
7
Suppose 0 = 3*u + 2*r + 46, 0 = 3*u - 0*r + r + 50. Let i be 2/(-6) + (-330)/u. What is the tens digit of 442/12 - (-3)/i?
3
Suppose 0 = 7*x - 10*x. Suppose x = 4*w - 116 - 56. Suppose -52 = -5*i + w. What is the units digit of i?
9
Suppose 2 + 7 = -3*w. Let i(l) be the second derivative of l**5/20 + l**4/4 - l**3/2 - 3*l**2/2 + 2*l - 209. What is the units digit of i(w)?
6
Let w = 5 + -5. Suppose -3*i = 3*d + 3, w*d = 4*d + i - 2. What is the units digit of (-1 - (d - 3))*21?
1
Let a(q) = q**3 + 3*q**2 + 26*q - 168. What is the hundreds digit of a(10)?
3
Let c(i) = -2*i**3 + 49*i**2 - 33*i - 3. What is the hundreds digit of c(23)?
8
What is the tens digit of (-12 + 13)/(3/1293)?
3
What is the units digit of (-60)/75 - (-4068)/10?
6
Suppose 24 + 216 = l. What is the hundreds digit of l?
2
Suppose -17*j + 59885 = -16904. What is the hundreds digit of j?
5
What is the tens digit of (-7)/((-21)/(-4)) - 69648/(-18)?
6
Suppose -8*s - 1504 = -12*s. What is the tens digit of s?
7
Suppose 0 = -3*d + 7*d + 28. Let u(v) = -5*v**2 - 2*v + 12. Let w(f) = 7*f**2 + 2*f - 13. Let l(c) = -3*u(c) - 2*w(c). What is the tens digit of l(d)?
2
What is the units digit of 14679/33 + (-10)/(-55)?
5
Suppose -3*h = -5*u + 80, 3*u + 48 = 6*u + h. Suppose -4*i = -12 - u. Suppose -2*v + v = -4*a - i, -4*v = -3*a - 15. What is the units digit of v?
3
Let w = -23 - -35. Let d = -10 + 8. Let i = d + w. What is the tens digit of i?
1
Suppose 0 = 3*y + 4*m - 208 + 68, -m - 218 = -5*y. Let u = y + -43. What is the units digit of u?
1
Suppose 0 = -2*p + 12 - 2. Suppose -p*n = 18 - 123. What is the tens digit of n?
2
Let h = 651 + -154. What is the tens digit of h?
9
Suppose 44*k + 11*k = 5830. What is the units digit of k?
6
Let n be (6/3 + -3)*-5. Suppose 6*f - 7 = 2*f + n*i, 2*i - 2 = 0. Suppose -f*u - u + 44 = 0. What is the units digit of u?
1
Let g(q) = q**2 - 13*q - 8. Let x = 11 - 8. Let h(m) = -m**2 + 14*m + 9. Let j(s) = x*g(s) + 2*h(s). What is the tens digit of j(13)?
2
Let l = 805 - -374. What is the thousands digit of l?
1
Let j(h) = -h**3 + 7*h**2 - h + 8. Let i(g) = -g**2 + 16*g - 8. Let x be i(15). What is the units digit of j(x)?
1
Suppose -11*b + 34*b - 57408 = 0. What is the units digit of b?
6
Let t be (-5*1)/(4 - 5). Let n(s) = -s**2 + 8*s + 4. What is the tens digit of n(t)?
1
Suppose 10*q = 5*q - 120. Let j be q*3/((-9)/(-2)). Let w = j - -25. What is the units digit of w?
9
Let x be (-333)/(-6) + 7/(-14). Suppose 56*t = x*t + 11. What is the units digit of t?
1
Let k(z) = -264*z + 7. Let u(n) = -6*n + 41. Let c be u(7). What is the hundreds digit of k(c)?
2
Let f(k) = k**3 + 12*k**2 + k + 4. Let q be f(-12). Let v = 29 + q. What is the units digit of v?
1
Let s(o) = 184*o + 412. What is the hundreds digit of s(22)?
4
Suppose 116439 = 110*j + j. What is the hundreds digit of j?
0
Let p = 2 + 1. Suppose 0 = 4*z + 4*f - 39 - 5, -p*z = -2*f - 38. What is the units digit of 99/z + 2/(-8)?
8
Let q = -1844 - -2085. What is the units digit of q?
1
Suppose 2*r = -2*r + 40. Let i = 17 + -16. What is the units digit of r + 7 + (2 - i)?
8
Suppose 4*x + 1171 = n, 3*n - 2016 = 3*x + 1488. What is the tens digit of n?
6
Suppose 4*m - 2454 - 186 = 0. What is the units digit of m?
0
Let m = -468 - -1428. What is the tens digit of m?
6
Let h = -89 - -341. Let c = h + -157. What is the tens digit of c?
9
Suppose 0 = -2*a + o + 5, -2*o - 10 = -5*a + 4. Suppose -a*j = -3*j. Let h(d) = -2*d + 33. What is the units digit of h(j)?
3
Suppose 4 = z - s + 3, 3*z - s = 7. Suppose -2*c = -t + 5 + 14, -5*t - 4*c + 67 = 0. Suppose t = z*g - 0. What is the units digit of g?
5
Suppose -515*r = -501*r - 25522. What is the tens digit of r?
2
Let i = 1098 + 1994. What is the hundreds digit of i?
0
Let q(z) = 901*z**3 - 900*z**3 + 5 - 6*z - 4*z**2 + 1. What is the tens digit of q(6)?
4
Let v = 1 - -2. Let c(u) = 6*u - 3*u - 3*u + 4 + 4*u. What is the tens digit of c(v)?
1
Let y(w) = -w**3 - 7*w**2 - w - 2. Let a be y(-7). Suppose a*p - 350 - 33 = -3*u, -5*u = -p - 629. What is the tens digit of u?
2
Let a = 2298 + -1300. What is the tens digit of a?
9
Let l = -63 - -1026. What is the tens digit of l?
6
Let r be 1 - (17 + 0 + 0). Let f(g) = -g - 9. Let o be f(r). Let h(j) = -j**2 + 11*j + 10. What is the units digit of h(o)?
8
Let r(w) = -7*w**3 - 3*w**2 + 15*w - 15. Let s(o) = 10*o**3 + 4*o**2 - 22*o + 22. Let n(q) = 7*r(q) + 5*s(q). What is the tens digit of n(7)?
6
What is the thousands digit of -192*((-1540)/30)/7?
1
What is the units digit of (128 - 2)/((96/(-30))/(-8))?
5
Suppose 0 = -3*v - v - 52. Let g(j) = -11*j - 4. What is the tens digit of g(v)?
3
Suppose -125*i = -117*i - 1480. What is the hundreds digit of i?
1
Let i be (1 + -3)/(16/(-24)). Suppose -3*l - 80 = -y, -2*y + 150 = -i*l + 2*l. What is the units digit of y?
4
Let i be 3 + ((6 - 1) + -3)/(-2). Suppose w + 486 = 5*h + i*w, 387 = 4*h - w. What is the units digit of h?
7
Let f = -27 + 37. What is the tens digit of (-2)/f + 5054/70?
7
Suppose -k - 2*k - 4*n = 6, 4*n + 18 = 3*k. Let z(o) = -o**3 + 4*o**2 - 4. Let w be z(3). What is the units digit of (-1 + k)/(w/35)?
7
Suppose f + 14 = -2. Suppose 0*q + 44 = -4*q. Let v = q - f. What is the units digit of v?
5
Let z be (-124)/(-2)*(-6)/(-12). Suppose 3*v - z = -7. What is the units digit of v?
8
What is the units digit of (-5)/((-45)/6021) + 6?
5
Let r = 141 + -50. Let k = 1435 + -1449. What is the units digit of (-26)/r + (-760)/k?
4
Suppose -36*f + 17200 = -20*f. What is the thousands digit of f?
1
Let f(o) = -o - 1. Let q(n) = n**3 + 7*n**2 + 7*n + 4. Let g be q(-6). Let b(w) = -2*w - 6. Let k(v) = g*b(v) + 6*f(v). What is the tens digit of k(-3)?
1
Let h(g) = 103*g**3 - g**2. Let s be h(1). Suppose -s - 42 = -3*w. What is the units digit of w?
8
Let v(p) = -430*p**3 + 6*p**2 - 4*p + 1. What is the thousands digit of v(-2)?
3
Let i = 225 - 16. What is the units digit of i?
9
Let a(z) = -z**3 - z + 2. Let o be a(0). What is the tens digit of (-4 + (o - -5))*8?
2
What is the thousands digit of (238/(-8) + -3)/((-25)/900)?
1
Suppose -3*o + 1 + 10 = p, 3*p = -3*o + 9. Suppose o*n + 40 = -n. Let i(h) = h**3 + 9*h**2 + 7*h + 6. What is the units digit of i(n)?
4
Let i = 387 - -144. What is the tens digit of i?
3
Suppose -2*m - 1241 = -u - 4*m, 0 = 2*u - 3*m - 2475. What is the hundreds digit of u?
2
Suppose 48*h - 3*k = 49*h - 2140, 3*h - 4*k = 6368. What is the tens digit of h?
2
Let a(c) = c**2 + 25*c + 4. Let g be a(-25). Suppose -g*r = -109 - 275. What is the tens digit of r?
9
Let f be ((-21)/(-63))/(2/36). Suppose -i + f = -46. What is the units digit of i?
2
Let i(l) = -22*l - 1. Let w be i(-1). Let p = -13 + w. Let c(k) = 8*k - 8. What is the tens digit of c(p)?
5
Let t(h) = h - 5. Let m be t(-11). Let d = m - -18. Suppose d*r = 9 + 5. What is the units digit of r?
7
Suppose 0 = 3*k - n - 1572, -3*k - 3*n = n - 1587. What is the